+ 357. Suppose j - 12 - 149 = -c, -c = -5*j - y. Is c a prime number?
False
Let n = 48161 - 26514. Is n composite?
False
Let g(z) = 47*z**3 + 4*z**2 - 2*z + 1. Let c(i) = -i**3 - i**2 + i - 1. Let p(s) = 2*c(s) + g(s). Is p(2) a composite number?
False
Let m = -114 - -128. Let t(h) = 24*h + 6. Let k(f) = 23*f + 5. Let i(p) = 5*k(p) - 4*t(p). Is i(m) prime?
False
Let c = 1 - -10. Let w(b) = 2*b - b + 4*b - 22. Is w(c) a composite number?
True
Let g(s) = -4*s**3 - 12*s**2 + 2*s - 8. Let n be g(-9). Let t = n + -981. Is t a prime number?
True
Let g be -2*(3 - 10/4). Let k be g + 1366*4/8. Suppose -4*a + k = 206. Is a composite?
True
Suppose 2*r - 5*c = 523, 247 + 297 = 2*r + 2*c. Is r a prime number?
True
Let y(m) = 2*m**3 + m**2 - 5*m + 39. Is y(5) a prime number?
False
Let r(y) = 159*y**3 - 8*y**2 + 10*y + 16. Is r(5) prime?
False
Suppose k - 826 + 24 = 0. Is k composite?
True
Suppose -100650 = -9*j + 14829. Let v = -8786 + j. Is v a prime number?
False
Suppose -9*t + 3*a = -13*t + 9760, 2*t + 3*a - 4886 = 0. Is t a composite number?
False
Let u(x) = 3*x**2 + 5*x - 2. Let l be u(-9). Suppose 1080 = 5*v + 5*s, v + s - l = 4*s. Is v composite?
False
Let d(h) = h**2 + 10*h - 12. Let t be d(-11). Let b be ((-70)/1)/(-2) - t. Suppose -b - 158 = -2*j. Is j a prime number?
True
Let v = -1005 - -1724. Is v a composite number?
False
Suppose -4*b = -2*l + 6824, -l + 0*b - 5*b = -3426. Suppose -l = -2*s + 1622. Is s a prime number?
False
Suppose 214348 + 13706 = 4*w + 5*i, 0 = -3*w - 3*i + 171039. Is w a prime number?
False
Suppose 0 = -w + 5965 + 5308. Is w composite?
False
Let p(c) = 100*c + 23. Is p(18) a prime number?
True
Let n(t) = -5*t + 19*t + 13*t + 12 + 7 + 10*t**2. Is n(12) a composite number?
False
Let k(v) = -5*v**3 - v**2 - 2*v - 1. Let p be k(-1). Let f be 1/(4/(3 + 5)). Suppose 0 = -p*s + r + 1859, -3*r + 75 = f*s - 655. Is s a composite number?
True
Let t = 28324 - 10421. Is t a composite number?
False
Let r be 8 + -3 + 2*(-2)/(-2). Suppose -4*u = -2*w - r*u + 64, -2*w + 5*u = -96. Is w a composite number?
True
Let a(y) = 211*y - 9. Let o be a(-3). Is (-1)/2 + o/(-12) prime?
True
Let z(d) be the third derivative of d**5/12 - 7*d**4/24 - d**3/6 - 13*d**2. Is z(4) prime?
False
Suppose -6579 = -11*h - 1244. Is h composite?
True
Suppose 6*a = -7*a + 115687. Is a a composite number?
True
Let u(f) = -12*f - 34. Let r be (-6)/4 + (-2 - 75/6). Is u(r) composite?
True
Let w(m) be the third derivative of -m**6/120 - m**5/20 - m**4/6 - m**3/6 - 2*m**2. Is w(-6) composite?
False
Suppose -3*y + 0*b - 3*b = -2616, b = 2*y - 1732. Suppose y = i + 3*s, 35 = 4*i - s - 3372. Is i a prime number?
True
Let x = -55718 + 78952. Is x a prime number?
False
Suppose -2*g + 4*k = 56, 50 = -3*g - 5*k - 45. Let z = -19 - -13. Is (-11210)/g + 4/z prime?
True
Suppose -52417 = -8*z + 402567. Is z composite?
False
Is (17162/(-8))/(64/(-256)) prime?
True
Let u(j) = -4*j**2 + 5*j - 1. Let n(t) = 9*t**2 - 10*t + 1. Let v(x) = -3*n(x) - 7*u(x). Let c be v(4). Is (1 - c)/((-4)/(-212)) prime?
True
Let o be (1/(-6))/((-6)/24)*3. Suppose 4*d - 2489 = -j, -d - o*j = -2*d + 629. Is d a prime number?
False
Let i be 1/2 - 3354/4. Let y = 552 + -1053. Let c = y - i. Is c a prime number?
True
Let j(t) = -t**2 + 2*t - 3. Let a be j(0). Let r(k) = -66*k - 3. Let b be r(a). Suppose -b - 816 = -3*g. Is g a composite number?
False
Suppose 0 = -4*j - 3*d - 301, -85 - 72 = 2*j - 5*d. Let n = 111 + 39. Let t = j + n. Is t a prime number?
False
Let p(b) = -2 - 13*b + 4*b**2 + 0*b**3 + b**3 + 7*b. Let s be p(-5). Suppose -212 = -k - s*k. Is k prime?
True
Let c = 138405 - 94564. Is c prime?
False
Let f be 10/(-5)*1/(-2). Let k(g) = -1 - 1 + 244*g - 42*g + 3. Is k(f) a prime number?
False
Let f be (6/(-5))/(6/(-20)). Suppose 0*v = -f*v + 24. Suppose 0 = -v*r + 2*r - 5*l + 345, 82 = r - 3*l. Is r composite?
True
Suppose -3*i - 1 = -13. Let v = i - 3. Is v/(-2 - -3) + 32 composite?
True
Suppose 4 = 2*n - 0*n - b, -4 = -b. Suppose 4*d = -3*m + 518, -n*d = -4*m - 718 + 186. Is d a composite number?
False
Let q be (1 - -296) + (-2 - -5). Let b = q + -173. Is b composite?
False
Let p = -25 + 30. Suppose p*n - n - 476 = 0. Is n a prime number?
False
Let l(j) = 2*j**2 + 4*j. Let d(g) = 3*g**2 + 3*g - 1. Let t(i) = -3*d(i) + 4*l(i). Let v be t(7). Is 0 + 3*211/v a prime number?
True
Let j be -52*((-135)/4)/5. Is 8602/26 + 54/j a prime number?
True
Suppose 21*h = 7*h + 5908. Is h a composite number?
True
Let t(u) be the first derivative of -u**4/4 + 14*u**3/3 - u**2/2 - 13*u + 3. Is t(11) a composite number?
True
Let g(r) = -r - 3. Let x be g(-7). Let h be (30/x)/((-18)/168). Let i = -36 - h. Is i a composite number?
True
Suppose -3*d + 2*z + 1302 = 0, 5*d - z = 2495 - 318. Let a = d - 277. Is a prime?
False
Let t = -1772 - -2728. Suppose 39 = -z + t. Suppose -608 = -5*n + z. Is n a prime number?
False
Let z be (2 + -12)*10660/(-50). Suppose 3*a + z + 1924 = 0. Is a/(-4)*1 + 3 a prime number?
False
Let j(s) = 34*s**2 + 4*s + 4. Let c(z) = z**2 + 19*z + 17. Let n be c(-18). Is j(n) composite?
True
Let g be (1 - 2)*(3 + -1692). Suppose z - 562 = -u, -3*u + g = -z + 5*z. Is u a composite number?
True
Let x = 13837 + -6768. Is x a composite number?
False
Let h(p) = p**2 - 3*p. Let o be h(3). Let a = 39 + -37. Is a/(o + 4/298) prime?
True
Suppose 5*w - 4640 - 1675 = 0. Suppose 0 = -2*d + 3239 + w. Is d prime?
True
Suppose -2*d + 5 = 3*d, -72 = 5*l + 3*d. Let m = 18 + l. Suppose -4*v - 3*j = -29, -m*v + j = 4*j - 18. Is v composite?
False
Suppose 2*t = 5*t - 4*m - 48377, -m - 64494 = -4*t. Is t a prime number?
False
Let r(c) = -c**2 - 4*c - 3. Let y be r(-2). Let d(g) = -1 + 37*g + 67*g**3 - 37*g + g**2. Is d(y) composite?
False
Let y be (-9287)/(-3) + (-44)/(-33). Suppose -536 = -3*f + y. Is f a composite number?
True
Suppose -2*s = -0*s. Suppose 12*a - 14*a + 26 = s. Let n(l) = 10*l - 7. Is n(a) a composite number?
True
Let k(g) = -1 + 0 + 2 + 5*g**3 - g**2 - 2*g**3. Suppose -5*h = -h - 4. Is k(h) a composite number?
False
Suppose -4*m + 37 - 1 = 0. Let c be 33/m - (-2)/(-3). Suppose -2*j + 47 = c. Is j prime?
False
Let p(v) = -v**2 - 12*v + 37. Let y be p(-14). Suppose 1486 = 11*t - y*t. Is t a prime number?
True
Let x(i) be the first derivative of -i**4/2 - i**3/3 + 1. Let j be x(-1). Is 307 - (-4*j)/(-2) a prime number?
False
Let a be ((-3)/15)/(2/(-30)). Suppose 0 = -a*l + 4986 + 4629. Is l composite?
True
Let c be (-34)/(-6) + 1/3. Suppose -3*l + 3*v = v + c, -v + 17 = -5*l. Is (-666)/(-8) + l/16 a composite number?
False
Let u(q) = 6*q**3 - 15*q**2 + 7*q + 19. Is u(10) a composite number?
True
Let j(h) = -h**2 - 12*h - 7. Let o be j(-11). Suppose -35 = -5*t + o*w, 0 = -2*t + t + w + 8. Is t + 5*38 + -2 a prime number?
True
Suppose -28149 = 31*l - 64*l. Is l prime?
True
Suppose -9*i - 40304 = -154415. Is i a prime number?
False
Suppose 9320 + 370 = 5*s. Suppose -4*k + 1536 = -p + 3*p, -5*k = -2*p - s. Suppose -4*g - 2*y + 304 = 0, -g + 4*y = -6*g + k. Is g prime?
False
Let k(g) = -g**2 - 34*g + 19. Let b be ((-4)/40*-12)/((-6)/80). Is k(b) a composite number?
False
Let f = 17036 + -11809. Is f a composite number?
False
Suppose 4*q - w = 161371, 4*q + w = 85408 + 75965. Is q a prime number?
True
Suppose 1 - 7 = 4*s + 2*b, -6 = -s - 3*b. Let j be (50/6)/(s/(-207)). Suppose 5*t - j = -0*t. Is t composite?
True
Let h = 8 - 2. Suppose h*w - 5*w = 7. Is w a prime number?
True
Is (-3 - (-14)/4)*470*1 composite?
True
Let i = 255852 - 164621. Is i a composite number?
True
Is 5649/7*((-13)/(-3) + -2) prime?
False
Suppose -3*f - 2*f = -320. Let w = -43 + f. Is (434/w)/((-4)/(-18)) composite?
True
Suppose p - 21 = -0*p. Let z(y) = 5 - 25*y + p - 9 + 8*y. Is z(-10) a prime number?
False
Suppose 3*q + 96915 - 410292 = 0. Is q composite?
False
Suppose 0 = -a + 3 + 2. Suppose a*b - 1377 = 1198. Is b composite?
True
Let h(v) = 26*v + 76. Let k be h(-17). Suppose 0*u = -3*d - 5*u - 754, -5*d = 3*u + 1262. Let f = d - k. Is f composite?
False
Let r = 8408 + -19909. Let u = r - -8004. Let v = u + 5256. Is v prime?
True
Let p(m) = -96*m + 9. Let x be p(-2). Suppose -240 - x = -4*s - k, -3*k = -4*s + 453. Is s a prime number?
False
Suppose 0 = 3*q - 11 - 22. Let g be 153/2 - q/(-22). Suppose -4*f + 3*i = -0*i - 328, -f + 